{"id":3937,"date":"2018-10-30T05:55:23","date_gmt":"2018-10-30T10:55:23","guid":{"rendered":"http:\/\/workshows.com.pe\/web\/?page_id=3937"},"modified":"2019-02-27T05:55:42","modified_gmt":"2019-02-27T10:55:42","slug":"judas-priest-2018","status":"publish","type":"page","link":"http:\/\/workshows.com.pe\/web\/judas-priest-2018\/","title":{"rendered":"Judas Priest"},"content":{"rendered":"<p><img decoding=\"async\" src=\"http:\/\/workshows.com.pe\/web\/wp-content\/uploads\/2019\/02\/JUDAS_PRIEST_.jpg\" width=\"680\" class=\"alignnone size-full wp-image-1338\"\/><\/p>\n<p>Los pioneros y reyes del Heavy Metal Mundial tocaron en nuestro pa\u00eds el\u00a0 30 de Octubre en el Jockey Club. La legendaria banda llegar\u00e1 junto a su l\u00edder, Rob Halford y promete un espect\u00e1culo inigualable lleno de potencia con lo mejor de la demoledora discograf\u00eda de Judas Priest.<\/p>\n<p>Judas Priest es el grupo brit\u00e1nico m\u00e1s influyente de heavy metal. A lo largo de su historia la banda ha adaptado e influido en diversos estilos; desde el rock progresivo en sus comienzos, concretamente en su \u00e1lbum debut, \u201cRocka Rolla\u201d, del 1974, para luego desarrollar en algunos de sus temas lo que m\u00e1s tarde se conocer\u00eda como speed metal.<\/p>\n<p>A partir del \u00e9xito del \u00e1bum \u201cPainkiller\u201d (1988 y 1990, respectivamente), la banda desarroll\u00f3 a\u00fan m\u00e1s su sonido agresivo, ya completamente inmerso en el speed metal.<\/p>\n<p>Judas Priest es considerada como la banda que termin\u00f3 de definir el sonido propio del Heavy Metal, proceso iniciado por Black Sabbath, Deep Purple, Queen, Scorpions, entre otros, y continuado por ellos.<br \/>\nLos miembros de la banda reciben su inspiraci\u00f3n de los grandes grupos de hard rock, rock psicod\u00e9lico, y tambi\u00e9n de los precursores del heavy metal, Queen, Cream, Jimi Hendrix, Led Zeppelin, Wishbone Ash, Deep Purple o Black Sabbath; estos \u00faltimos nombrados asimismo entre los m\u00e1s grandes e influyentes desarrolladores del heavy metal.<\/p>\n<p><strong>Firepower <\/strong>es el d\u00e9cimo octavo \u00e1lbum de estudio de la banda\u00a0y el que ha sorprendido de manera positiva al mundo entero desde su lanzamiento el 9 de marzo del presente a\u00f1o.<\/p>\n<p>Tras su publicaci\u00f3n, recibi\u00f3 rese\u00f1as positivas por parte de la prensa especializada, que en su gran mayor\u00eda alab\u00f3 la calidad de la banda, la producci\u00f3n y el sonido. Por su parte, ingres\u00f3 en las principales listas musicales del mundo, entre ellas alcanz\u00f3 el quinto puesto de los\u00a0<a href=\"https:\/\/es.wikipedia.org\/wiki\/Billboard_200\">Billboard\u00a0200<\/a>\u00a0de los\u00a0<a href=\"https:\/\/es.wikipedia.org\/wiki\/Estados_Unidos\">Estados Unidos<\/a>, luego de vender m\u00e1s de 49\u00a0000 copias en su primera semana en dicho pa\u00eds.<\/p>\n<p>Judas Priest, todo el peso de una leyenda mundial lleg\u00f3 por primera vez a Lima para tocar sus grandes \u00e9xitos como \u201cElectric Eye\u201d, \u201cBreaking the Law\u201d, \u201cLiving after Midnight\u201d, entre otras.<\/p>\n","protected":false},"excerpt":{"rendered":"<p>Los pioneros y reyes del Heavy Metal Mundial tocaron en nuestro pa\u00eds el\u00a0 30 de Octubre en el Jockey Club. La legendaria banda llegar\u00e1 junto a su l\u00edder, Rob Halford y promete un espect\u00e1culo inigualable lleno de potencia con lo mejor de la demoledora discograf\u00eda de Judas Priest. Judas Priest es el grupo brit\u00e1nico m\u00e1s [&hellip;]<\/p>\n","protected":false},"author":1,"featured_media":0,"parent":0,"menu_order":0,"comment_status":"open","ping_status":"open","template":"","meta":{"ngg_post_thumbnail":0,"footnotes":""},"class_list":["post-3937","page","type-page","status-publish","hentry"],"_links":{"self":[{"href":"http:\/\/workshows.com.pe\/web\/wp-json\/wp\/v2\/pages\/3937","targetHints":{"allow":["GET"]}}],"collection":[{"href":"http:\/\/workshows.com.pe\/web\/wp-json\/wp\/v2\/pages"}],"about":[{"href":"http:\/\/workshows.com.pe\/web\/wp-json\/wp\/v2\/types\/page"}],"author":[{"embeddable":true,"href":"http:\/\/workshows.com.pe\/web\/wp-json\/wp\/v2\/users\/1"}],"replies":[{"embeddable":true,"href":"http:\/\/workshows.com.pe\/web\/wp-json\/wp\/v2\/comments?post=3937"}],"version-history":[{"count":2,"href":"http:\/\/workshows.com.pe\/web\/wp-json\/wp\/v2\/pages\/3937\/revisions"}],"predecessor-version":[{"id":3939,"href":"http:\/\/workshows.com.pe\/web\/wp-json\/wp\/v2\/pages\/3937\/revisions\/3939"}],"wp:attachment":[{"href":"http:\/\/workshows.com.pe\/web\/wp-json\/wp\/v2\/media?parent=3937"}],"curies":[{"name":"wp","href":"https:\/\/api.w.org\/{rel}","templated":true}]}}