{"id":3646,"date":"2017-12-07T14:17:41","date_gmt":"2017-12-07T19:17:41","guid":{"rendered":"http:\/\/workshows.com.pe\/web\/?page_id=3646"},"modified":"2017-12-07T14:17:41","modified_gmt":"2017-12-07T19:17:41","slug":"pablo-alboran","status":"publish","type":"page","link":"http:\/\/workshows.com.pe\/web\/pablo-alboran\/","title":{"rendered":"Pablo Albor\u00e1n"},"content":{"rendered":"<p>El cantautor espa\u00f1ol Pablo Albor\u00e1n prepara su regreso espectacular a Lima el 5 de abril para presentarse en el Anfiteatro del Parque de la Exposici\u00f3n, con un gran show en vivo compuesto por un nuevo repertorio que incluir\u00e1 sus grandes \u00e9xitos y los nuevos temas de su m\u00e1s reciente producci\u00f3n discogr\u00e1fica Prometo, acompa\u00f1ado de su gran banda de m\u00fasicos y una gran puesta en escena.<br \/>\nCon tan solo 28 a\u00f1os, Pablo Albor\u00e1n se ha convertido en uno de los exponentes musicales con mayor venta de discos a nivel internacional, sobrepasando los dos millones y medio de copias. En su pa\u00eds natal, obtuvo 42 discos de Platino y ocup\u00f3 los primeros lugares en las listas de popularidad con todos sus singles.<br \/>\nAl d\u00eda de hoy, ha recibido 14 nominaciones al Latin Grammy, una al Grammy estadounidense, un Premio Goya y numerosos premios en Latinoam\u00e9rica y Europa.<br \/>\nEl int\u00e9rprete de los \u00e9xitos \u201cSolamente t\u00fa,\u201d \u201cDonde est\u00e1 el amor,\u201d \u201cRecu\u00e9rdame\u201d y \u201cQuien\u201d, entre otros, regresa a Lima despu\u00e9s de unos a\u00f1os de pausa en los que prepar\u00f3 su nuevo material discogr\u00e1fico que da nombre a la gira. <\/p>\n<p>Los sencillos \u201cPrometo\u201d, \u201cNo vaya a ser\u201d y \u201cSaturno\u201d  son el resultado de una larga evoluci\u00f3n del talentoso artista.  Con estos temas ha alcanzado millones de reproducciones en YouTube.<\/p>\n","protected":false},"excerpt":{"rendered":"<p>El cantautor espa\u00f1ol Pablo Albor\u00e1n prepara su regreso espectacular a Lima el 5 de abril para presentarse en el Anfiteatro del Parque de la Exposici\u00f3n, con un gran show en vivo compuesto por un nuevo repertorio que incluir\u00e1 sus grandes \u00e9xitos y los nuevos temas de su m\u00e1s reciente producci\u00f3n discogr\u00e1fica Prometo, acompa\u00f1ado de su [&hellip;]<\/p>\n","protected":false},"author":1,"featured_media":3591,"parent":0,"menu_order":0,"comment_status":"open","ping_status":"open","template":"","meta":{"ngg_post_thumbnail":0,"footnotes":""},"class_list":["post-3646","page","type-page","status-publish","has-post-thumbnail","hentry"],"_links":{"self":[{"href":"http:\/\/workshows.com.pe\/web\/wp-json\/wp\/v2\/pages\/3646","targetHints":{"allow":["GET"]}}],"collection":[{"href":"http:\/\/workshows.com.pe\/web\/wp-json\/wp\/v2\/pages"}],"about":[{"href":"http:\/\/workshows.com.pe\/web\/wp-json\/wp\/v2\/types\/page"}],"author":[{"embeddable":true,"href":"http:\/\/workshows.com.pe\/web\/wp-json\/wp\/v2\/users\/1"}],"replies":[{"embeddable":true,"href":"http:\/\/workshows.com.pe\/web\/wp-json\/wp\/v2\/comments?post=3646"}],"version-history":[{"count":1,"href":"http:\/\/workshows.com.pe\/web\/wp-json\/wp\/v2\/pages\/3646\/revisions"}],"predecessor-version":[{"id":3647,"href":"http:\/\/workshows.com.pe\/web\/wp-json\/wp\/v2\/pages\/3646\/revisions\/3647"}],"wp:featuredmedia":[{"embeddable":true,"href":"http:\/\/workshows.com.pe\/web\/wp-json\/wp\/v2\/media\/3591"}],"wp:attachment":[{"href":"http:\/\/workshows.com.pe\/web\/wp-json\/wp\/v2\/media?parent=3646"}],"curies":[{"name":"wp","href":"https:\/\/api.w.org\/{rel}","templated":true}]}}