{"id":3586,"date":"2017-12-05T07:04:08","date_gmt":"2017-12-05T12:04:08","guid":{"rendered":"http:\/\/workshows.com.pe\/web\/?page_id=3586"},"modified":"2017-12-05T07:04:08","modified_gmt":"2017-12-05T12:04:08","slug":"los-polinesios","status":"publish","type":"page","link":"http:\/\/workshows.com.pe\/web\/los-polinesios\/","title":{"rendered":"Los Polinesios"},"content":{"rendered":"<p>Los famosos hermanos Rafa, Karen y Lesslie llegan a Lima en el marco de sus seis a\u00f1os en YouTube con su canal Pl\u00e1tica Polinesia y ofrecer\u00e1n una propuesta singular este 24 de marzo en el Jockey Club del Per\u00fa.<\/p>\n<p>Estos hermanos tienen m\u00e1s de 30 millones de suscriptores en su plataforma donde exhiben sus 5 canales de videos.<br \/>\nLos hermanos acostumbrados a recorrer el mundo decidieron emprender ruta a M\u00e9xico y Latinoam\u00e9rica con un show que aseguran a\u00fan no se ha puesto en escena en lo que respecta a este g\u00e9nero.<\/p>\n<p>M\u00fasica, bailarines y una serie de retos dan pie a un espect\u00e1culo que invita al p\u00fablico a participar, ver videos y enterarse de cosas exclusivas del show, en donde cada \u201cpolinesio\u201d tendr\u00e1 la oportunidad de convivir m\u00e1s de cerca con ellos. <\/p>\n<p>Adem\u00e1s de la oportunidad de ganar premios y vivir como nunca la emoci\u00f3n de ser parte del #team de tu Polinesio favorito. Los Polinesios llegan a Lima luego de hacer un sold out en el teatro Gran Rex de Argentina.<\/p>\n<p>Ellos se presentar\u00e1n este 24 de marzo en el Jockey Club del Per\u00fa.<\/p>\n","protected":false},"excerpt":{"rendered":"<p>Los famosos hermanos Rafa, Karen y Lesslie llegan a Lima en el marco de sus seis a\u00f1os en YouTube con su canal Pl\u00e1tica Polinesia y ofrecer\u00e1n una propuesta singular este 24 de marzo en el Jockey Club del Per\u00fa. Estos hermanos tienen m\u00e1s de 30 millones de suscriptores en su plataforma donde exhiben sus 5 [&hellip;]<\/p>\n","protected":false},"author":1,"featured_media":3587,"parent":0,"menu_order":0,"comment_status":"open","ping_status":"open","template":"","meta":{"ngg_post_thumbnail":0,"footnotes":""},"class_list":["post-3586","page","type-page","status-publish","has-post-thumbnail","hentry"],"_links":{"self":[{"href":"http:\/\/workshows.com.pe\/web\/wp-json\/wp\/v2\/pages\/3586","targetHints":{"allow":["GET"]}}],"collection":[{"href":"http:\/\/workshows.com.pe\/web\/wp-json\/wp\/v2\/pages"}],"about":[{"href":"http:\/\/workshows.com.pe\/web\/wp-json\/wp\/v2\/types\/page"}],"author":[{"embeddable":true,"href":"http:\/\/workshows.com.pe\/web\/wp-json\/wp\/v2\/users\/1"}],"replies":[{"embeddable":true,"href":"http:\/\/workshows.com.pe\/web\/wp-json\/wp\/v2\/comments?post=3586"}],"version-history":[{"count":1,"href":"http:\/\/workshows.com.pe\/web\/wp-json\/wp\/v2\/pages\/3586\/revisions"}],"predecessor-version":[{"id":3588,"href":"http:\/\/workshows.com.pe\/web\/wp-json\/wp\/v2\/pages\/3586\/revisions\/3588"}],"wp:featuredmedia":[{"embeddable":true,"href":"http:\/\/workshows.com.pe\/web\/wp-json\/wp\/v2\/media\/3587"}],"wp:attachment":[{"href":"http:\/\/workshows.com.pe\/web\/wp-json\/wp\/v2\/media?parent=3586"}],"curies":[{"name":"wp","href":"https:\/\/api.w.org\/{rel}","templated":true}]}}