{"id":3294,"date":"2017-08-25T15:00:21","date_gmt":"2017-08-25T20:00:21","guid":{"rendered":"http:\/\/workshows.com.pe\/web\/?page_id=3294"},"modified":"2017-08-25T15:00:21","modified_gmt":"2017-08-25T20:00:21","slug":"luis-fonsi","status":"publish","type":"page","link":"http:\/\/workshows.com.pe\/web\/luis-fonsi\/","title":{"rendered":"LUIS FONSI"},"content":{"rendered":"<p><img decoding=\"async\" src=\"http:\/\/workshows.com.pe\/web\/wp-content\/uploads\/2016\/10\/Luis-Fonsi-3457-final-PRESS-SIZE-Photo-credit-Omar-Cruz-Medium.jpg\" width=\"490\" class=\"alignnone size-full wp-image-1338\"\/><\/p>\n<p><em>El pr\u00f3ximo 4 de Octubre nuestra capital recibir\u00e1 al \u00eddolo latinoam\u00e9ricano y actual fen\u00f3meno musical a nivel mundial. La voz principal de la\u201cDespacito\u201d ofrecer\u00e1 un \u00fanico espect\u00e1culo en el Jockey Club que promete poner a bailar y suspirar al p\u00fablico con lo mejor de su importante trayectoria musical.<\/em><\/p>\n<p>Lo que el p\u00fablico peruano ped\u00eda, la productora Work Shows lo hace realidad, el artista que cerrar\u00e1 el a\u00f1o con broche de oro llega a nuestro pa\u00eds como parte de su \u201cLove + Dance Tour\u201d para presentarse en Lima y llenarla de fuego con un show de primera calidad en sonidos, luces y puesta en escena. Ser\u00e1 un concierto imperdible para todos los amantes de la m\u00fasica del puertorrique\u00f1o.<\/p>\n<p>Las baladas m\u00e1s rom\u00e1nticas y los ritmos de rythm &#038; blues han convertido a Luis Fonsi en un verdadero \u00eddolo para millones de latinos que se emocionan al escucharlo cantar con pasi\u00f3n y sentimiento cada uno de los temas de sus discos.<\/p>\n<p>Este a\u00f1o sorprendi\u00f3 al mundo entero con el tema \u201cDespacito\u201d, que junto a Daddy Yankee, ha traspasado todas las barreras musicales y audiovisuales hasta convertirse en un fen\u00f3meno mundial. Siendo la canci\u00f3n m\u00e1s escuchada en streaming de la historia, sacando del puesto a Sorry de Justin Bieber.<\/p>\n<p>La canci\u00f3n del cantante puertorrique\u00f1o cuenta con m\u00e1s de 4.600 millones de reproducciones por streaming en todos los servidores en los que se encuentra disponible; y en youtube, el video cuenta con casi 3 billones de vistas. El tema que forma parte de su nuevo disco, podremos escucharlo en vivo en su pr\u00f3ximo concierto en Lima.<\/p>\n<p><strong>Biograf\u00eda<\/strong><\/p>\n<p>Luis Alfonso Rodr\u00edguez da paso a Luis Fonsi cuando inici\u00f3 su carrera profesional como cantante y compositor. En el a\u00f1o 1998 grab\u00f3 su primer disco titulado \u201cComenzar\u00e9\u201d, que se situ\u00f3 en los primeros puestos de las listas de ventas en muchos pa\u00edses de Sudam\u00e9rica, los excelentes resultados obtenidos le otorgaron un Disco de Oro, animandose a trabajar en su nuevo \u00e1lbum. \u201cEterno\u201d apareci\u00f3 en los mercados latinos en el 2001, y Fonsi volvi\u00f3 a tener una gran aceptaci\u00f3n entre el p\u00fablico. Las copias vendidas se contaron por miles y representaron para el cantante su segundo Disco de Oro.<br \/>\nEl puertorique\u00f1o consigui\u00f3 el mismo \u00e9xito en el a\u00f1o 2002 al editar su tercer disco: \u201cAmor secreto\u201d, y ganar de nuevo el Disco de Oro. <\/p>\n<p>Hasta el momento el \u00faltimo t\u00edtulo de la discograf\u00eda de Luis Fonsi es  \u201cAbrazar la vida\u201d. Que se laz\u00f3 en el 2003, y fue un \u00e9xito que apareci\u00f3 en las listas latinas de los discos m\u00e1s vendidos. Su single \u201c\u00bfQui\u00e9n te dijo eso?\u201d es una de las canciones m\u00e1s escuchadas del a\u00f1o y comparte popularidad con temas como  \u201cPor ti podr\u00eda morir\u201d, \u201cViviendo en el ayer\u201d, \u201cExtra\u00f1o sentimiento\u201d o \u201cYo te propongo\u201d. A pesar de que la especialidad de Fonsi es el rhythm &#038; blues, este disco destaca por la diversidad de los ritmos que componen. En \u201cAbrazar la vida\u201d aparece una canci\u00f3n que se hace muy conocida en Espa\u00f1a y que populariz\u00f3 a Fonsi en ese pais, \u201cLa fuerza de mi coraz\u00f3n\u201d. Cantada a d\u00fao en ingl\u00e9s y espa\u00f1ol junto a Christina Valemi, y se convirti\u00f3 en la banda sonora de una gran producci\u00f3n nacional de dibujos animados titulada \u201cEl Cid, la leyenda\u201d.<\/p>\n<p>Luis Fonsi tambien se destaca en su trabajo como compositor, creando temas para artistas de la talla de Olga Ta\u00f1\u00f3n y Ednita Nazario, y ha colaborando con Christina Aguilera y Britney Spears, entre otras famosas cantantes. <\/p>\n<p>No puedes perderte la cita este 04 de Octubre en La Pelouse del Jockey Club del Per\u00fa.<br \/>\nEntradas p\u00f3ximamente a la venta en Teleticket de Wong y Metro. <\/p>\n","protected":false},"excerpt":{"rendered":"<p>El pr\u00f3ximo 4 de Octubre nuestra capital recibir\u00e1 al \u00eddolo latinoam\u00e9ricano y actual fen\u00f3meno musical a nivel mundial. La voz principal de la\u201cDespacito\u201d ofrecer\u00e1 un \u00fanico espect\u00e1culo en el Jockey Club que promete poner a bailar y suspirar al p\u00fablico con lo mejor de su importante trayectoria musical. Lo que el p\u00fablico peruano ped\u00eda, la [&hellip;]<\/p>\n","protected":false},"author":1,"featured_media":0,"parent":0,"menu_order":0,"comment_status":"open","ping_status":"open","template":"","meta":{"ngg_post_thumbnail":0,"footnotes":""},"class_list":["post-3294","page","type-page","status-publish","hentry"],"_links":{"self":[{"href":"http:\/\/workshows.com.pe\/web\/wp-json\/wp\/v2\/pages\/3294","targetHints":{"allow":["GET"]}}],"collection":[{"href":"http:\/\/workshows.com.pe\/web\/wp-json\/wp\/v2\/pages"}],"about":[{"href":"http:\/\/workshows.com.pe\/web\/wp-json\/wp\/v2\/types\/page"}],"author":[{"embeddable":true,"href":"http:\/\/workshows.com.pe\/web\/wp-json\/wp\/v2\/users\/1"}],"replies":[{"embeddable":true,"href":"http:\/\/workshows.com.pe\/web\/wp-json\/wp\/v2\/comments?post=3294"}],"version-history":[{"count":1,"href":"http:\/\/workshows.com.pe\/web\/wp-json\/wp\/v2\/pages\/3294\/revisions"}],"predecessor-version":[{"id":3295,"href":"http:\/\/workshows.com.pe\/web\/wp-json\/wp\/v2\/pages\/3294\/revisions\/3295"}],"wp:attachment":[{"href":"http:\/\/workshows.com.pe\/web\/wp-json\/wp\/v2\/media?parent=3294"}],"curies":[{"name":"wp","href":"https:\/\/api.w.org\/{rel}","templated":true}]}}