{"id":3280,"date":"2017-08-25T14:54:17","date_gmt":"2017-08-25T19:54:17","guid":{"rendered":"http:\/\/workshows.com.pe\/web\/?page_id=3280"},"modified":"2017-08-25T14:54:17","modified_gmt":"2017-08-25T19:54:17","slug":"entel-media-fest-2017","status":"publish","type":"page","link":"http:\/\/workshows.com.pe\/web\/entel-media-fest-2017\/","title":{"rendered":"Entel Media Fest"},"content":{"rendered":"<p><img decoding=\"async\" src=\"http:\/\/workshows.com.pe\/web\/wp-content\/uploads\/2016\/10\/FOTO-.png\" width=\"490\" class=\"alignnone size-full wp-image-1338\"\/><\/p>\n<p>ENTEL MEDIA FEST: CONOCE A ALGUNAS DE LAS ESTRELLAS QUE ESTAR\u00c1N EN LA EDICI\u00d3N 2017<\/p>\n<p>*El Entel Media Fest cobrar\u00e1 vida este 07 de octubre en el Jockey Club.<\/p>\n<p>*Las entradas estar\u00e1n a la venta en Teleticket.<\/p>\n<p>Uno de los festivales digitales m\u00e1s esperados del a\u00f1o es el ENTEL MEDIA FEST, fiesta que re\u00fane a los youtubers m\u00e1s populares del mundo y que en su edici\u00f3n 2017 nos sorprender\u00e1 hasta dejarnos boquiabiertos. Aqu\u00ed les mencionamos solo a algunos de las estrellas que llegar\u00e1n a nuestro pa\u00eds:<\/p>\n<p>Rub\u00e9n Doblas Gundersen, m\u00e1s conocido como \u00abEl Rubius\u00bb o \u00abRubius\u00bb (Mijas, 13 de febrero de 1990), es un video productor en la plataforma YouTube de origen espa\u00f1ol. En la actualidad, es el youtuber m\u00e1s seguido de su pa\u00eds, el segundo en lengua espa\u00f1ola y el tercero m\u00e1s popular de YouTube a nivel global. La tem\u00e1tica principal de sus v\u00eddeos son los videojuegos comentados, tratados de una forma humor\u00edstica.<\/p>\n<p>A fecha de julio de 2017, El Rubius cuenta con m\u00e1s de 25.1 millones de suscriptores en su canal de YouTube y sus v\u00eddeos han sido reproducidos m\u00e1s de 5.587 millones de veces.  En la red social Twitter tiene m\u00e1s de 9.13 millones de seguidores y en Facebook m\u00e1s de 7 millones.<\/p>\n<p>En esta edici\u00f3n tambi\u00e9n recibiremos a MANGEL. Su canal se centra en videos de gameplays con youtubers como CheetoSenior, Eddisplay o ElRubiusOMG. Algo de \u00e9l muy apreciado por sus seguidores es su habilidad para editar vlogs de viajes. Al parecer, un juego que le gust\u00f3 mucho fue Octodad. Antes sol\u00eda hacer muchos v\u00eddeos de Minecraft, aunque ahora se centra m\u00e1s en juegos o en v\u00eddeos con CheetoSenior.<br \/>\nSi bien a mediados de 2012 bautiz\u00f3 como \u201cMarvados\u201d a sus seguidores, actualmente no es muy com\u00fan que se los conozca como tal. Tiene m\u00e1s de 5.000.000 suscriptores.<\/p>\n<p>Alexby11 (nacido el 21 de mayo de 1993), de nombre real Alejandro Bravo Ya\u00f1ez, es un youtuber espa\u00f1ol. Es fan\u00e1tico de Star Wars y del Real Madrid y particip\u00f3 en Ingame Experience. Aunque ahora vive solo (desde febrero de 2015), su madre a veces lo ayuda a grabar sus v\u00eddeos o participa en ellos. El 20 de enero de 2015 Alexby perdi\u00f3 a su perro Max, quien fue su mejor amigo durante 8 a\u00f1os. Ese mismo mes public\u00f3, junto con Mangel y Cheeto, un libro llamado Salseo Gamer. Se caracteriza por su risa y por sus frases t\u00edpicas.Cuenta con m\u00e1s de 6.000.000 suscriptores aproximadamente en su canal. Tambi\u00e9n tiene una novia llamada Eva.<\/p>\n<p>Este a\u00f1o el ENTEL MEDIA FEST se viene con todo!. En los pr\u00f3ximos d\u00edas se estar\u00e1n anunciando los artistas que complementar\u00e1n el cartel.<\/p>\n","protected":false},"excerpt":{"rendered":"<p>ENTEL MEDIA FEST: CONOCE A ALGUNAS DE LAS ESTRELLAS QUE ESTAR\u00c1N EN LA EDICI\u00d3N 2017 *El Entel Media Fest cobrar\u00e1 vida este 07 de octubre en el Jockey Club. *Las entradas estar\u00e1n a la venta en Teleticket. Uno de los festivales digitales m\u00e1s esperados del a\u00f1o es el ENTEL MEDIA FEST, fiesta que re\u00fane a [&hellip;]<\/p>\n","protected":false},"author":1,"featured_media":0,"parent":0,"menu_order":0,"comment_status":"open","ping_status":"open","template":"","meta":{"ngg_post_thumbnail":0,"footnotes":""},"class_list":["post-3280","page","type-page","status-publish","hentry"],"_links":{"self":[{"href":"http:\/\/workshows.com.pe\/web\/wp-json\/wp\/v2\/pages\/3280","targetHints":{"allow":["GET"]}}],"collection":[{"href":"http:\/\/workshows.com.pe\/web\/wp-json\/wp\/v2\/pages"}],"about":[{"href":"http:\/\/workshows.com.pe\/web\/wp-json\/wp\/v2\/types\/page"}],"author":[{"embeddable":true,"href":"http:\/\/workshows.com.pe\/web\/wp-json\/wp\/v2\/users\/1"}],"replies":[{"embeddable":true,"href":"http:\/\/workshows.com.pe\/web\/wp-json\/wp\/v2\/comments?post=3280"}],"version-history":[{"count":1,"href":"http:\/\/workshows.com.pe\/web\/wp-json\/wp\/v2\/pages\/3280\/revisions"}],"predecessor-version":[{"id":3289,"href":"http:\/\/workshows.com.pe\/web\/wp-json\/wp\/v2\/pages\/3280\/revisions\/3289"}],"wp:attachment":[{"href":"http:\/\/workshows.com.pe\/web\/wp-json\/wp\/v2\/media?parent=3280"}],"curies":[{"name":"wp","href":"https:\/\/api.w.org\/{rel}","templated":true}]}}