{"id":3046,"date":"2017-01-25T12:58:22","date_gmt":"2017-01-25T17:58:22","guid":{"rendered":"http:\/\/workshows.com.pe\/web\/?page_id=3046"},"modified":"2017-01-25T13:47:37","modified_gmt":"2017-01-25T18:47:37","slug":"semillas-reggae","status":"publish","type":"page","link":"http:\/\/workshows.com.pe\/web\/booking\/semillas-reggae\/","title":{"rendered":"Semillas Reggae"},"content":{"rendered":"<p><img loading=\"lazy\" decoding=\"async\" src=\"http:\/\/workshows.com.pe\/web\/wp-content\/uploads\/2015\/02\/Sin-t%C3%ADtulo-1.jpg\" alt=\"booking-semillas-reggae\" width=\"680\" height=\"274\" class=\"alignnone size-full\" \/><\/p>\n<p>Banda peruana formada en el a\u00f1o 1998 en la ciudad de Lima, llevando en su m\u00fasica la cadencia del reggae y la mixtura del sonido roots con el dancehall y pinceladas de folklore peruano.<\/p>\n<p>Llevando un mensaje acorde a nuestra realidad han hecho que Semillas poco a poco se ganen un lugar en el gusto del p\u00fablico general, paseando su m\u00fasica por los principales escenarios lime\u00f1os y del interior del Pa\u00eds, as\u00ed como en algunos programas de Radio de Per\u00fa y los principales programas reggae de Am\u00e9rica y Europa; como tambi\u00e9n en los programas de Televisi\u00f3n como Tv Insomnio y Jammin con presentaciones de la banda en vivo.<\/p>\n<p>Por medio de distintos Festivales internacionales en el pa\u00eds han compartido cartel con diversas bandas reconocidas a nivel mundial como: The Wailers, Alpha Blondy, UB40, Damian Marley, Yellowman, Steel Pulse, Burning Spear, Black Uhuru, Don Carlos, Gladiators, Culture, Wiston Jarret, Cultura Prof\u00e9tica, Los Cafres, Gondwana, Los Pericos, Nonpalidece entre otras, participando tambi\u00e9n en Festivales importantes como \u201cLa Feria Internacional de Lima\u201d, \u201cFeria Internacional del Pac\u00edfico\u201d, \u201cFeria Internacional de la Vendimia de Ica\u201d, compartiendo escenario con bandas nacionales como Mar de Copas, TK, Leuzemia, La Sarita, Tierra Sur, La Mente, Laguna Pai, etc.<\/p>\n<p>Despu\u00e9s de grabar sus primeros singles, en el verano del 2003 terminan de grabar su primera producci\u00f3n llamada \u201cSembrando Semillas\u201d con 10 temas donde destacan \u201cLl\u00e9vame\u201d, \u201cDime siquiera algo\u201d, \u201cNo lo pudieron matar\u201d. En el 2006 graban un EP en formato digital llamado \u201cViviendo entre criminales\u201d. Ya por el a\u00f1o 2007 y luego de una gira por el interior del pa\u00eds junto a la banda chilena Gondwana, graban el tema \u201cLa jungla\u201d seguido de otros singles junto a artistas locales destacando el tema \u201cAy amor\u201d, siendo hasta ahora el m\u00e1s pedido en los conciertos de la banda.<\/p>\n<p>A finales del 2014 terminan de grabar una nueva producci\u00f3n de 14 temas llamado \u201cSeguir\u00e9 Caminando\u201d teniendo como invitados a artistas de Brasil, M\u00e9xico, Puerto Rico y Espa\u00f1a, donde los temas \u201cDulce Sensaci\u00f3n\u201d y \u201cMientras que nos amemos\u201d son los m\u00e1s solicitados, siendo elegidos por Radio BBVA para el cat\u00e1logo de su programa.<\/p>\n<p>En el 2015 son invitados a participar del disco tributo por los 20 a\u00f1os de la banda Mexicana \u201cAntidoping\u201d junto a importantes bandas del reggae en espa\u00f1ol.<\/p>\n<p><b>Discograf\u00eda<\/b><\/p>\n<p>Sembrando Semillas(2003)<br \/>\nSemillas en vivo en el Jammin (2007)<br \/>\nSeguir\u00e9 caminando (2014)<br \/>\nIn\u00e9ditos (2014)<\/p>\n","protected":false},"excerpt":{"rendered":"<p>Banda peruana formada en el a\u00f1o 1998 en la ciudad de Lima, llevando en su m\u00fasica la cadencia del reggae y la mixtura del sonido roots con el dancehall y pinceladas de folklore peruano. Llevando un mensaje acorde a nuestra realidad han hecho que Semillas poco a poco se ganen un lugar en el gusto [&hellip;]<\/p>\n","protected":false},"author":1,"featured_media":0,"parent":463,"menu_order":0,"comment_status":"open","ping_status":"open","template":"","meta":{"ngg_post_thumbnail":0,"footnotes":""},"class_list":["post-3046","page","type-page","status-publish","hentry"],"_links":{"self":[{"href":"http:\/\/workshows.com.pe\/web\/wp-json\/wp\/v2\/pages\/3046","targetHints":{"allow":["GET"]}}],"collection":[{"href":"http:\/\/workshows.com.pe\/web\/wp-json\/wp\/v2\/pages"}],"about":[{"href":"http:\/\/workshows.com.pe\/web\/wp-json\/wp\/v2\/types\/page"}],"author":[{"embeddable":true,"href":"http:\/\/workshows.com.pe\/web\/wp-json\/wp\/v2\/users\/1"}],"replies":[{"embeddable":true,"href":"http:\/\/workshows.com.pe\/web\/wp-json\/wp\/v2\/comments?post=3046"}],"version-history":[{"count":2,"href":"http:\/\/workshows.com.pe\/web\/wp-json\/wp\/v2\/pages\/3046\/revisions"}],"predecessor-version":[{"id":3052,"href":"http:\/\/workshows.com.pe\/web\/wp-json\/wp\/v2\/pages\/3046\/revisions\/3052"}],"up":[{"embeddable":true,"href":"http:\/\/workshows.com.pe\/web\/wp-json\/wp\/v2\/pages\/463"}],"wp:attachment":[{"href":"http:\/\/workshows.com.pe\/web\/wp-json\/wp\/v2\/media?parent=3046"}],"curies":[{"name":"wp","href":"https:\/\/api.w.org\/{rel}","templated":true}]}}